by 467?
462
Calculate the remainder when 113263924 is divided by 112.
4
Calculate the remainder when 38664 is divided by 1266.
684
What is the remainder when 1258893 is divided by 21705?
3
Calculate the remainder when 8143 is divided by 6254.
1889
What is the remainder when 889911 is divided by 1188?
99
Calculate the remainder when 1362376 is divided by 90823.
31
What is the remainder when 5872046 is divided by 95?
1
Calculate the remainder when 715527 is divided by 104.
7
Calculate the remainder when 36105761 is divided by 3616.
1
What is the remainder when 8243772 is divided by 369?
312
What is the remainder when 1206951 is divided by 357?
291
Calculate the remainder when 68554 is divided by 67815.
739
What is the remainder when 5838 is divided by 2864?
110
Calculate the remainder when 3527738 is divided by 176.
170
What is the remainder when 20461 is divided by 5104?
45
What is the remainder when 5391074 is divided by 42?
38
What is the remainder when 1144408 is divided by 13788?
4
Calculate the remainder when 79452 is divided by 270.
72
Calculate the remainder when 212681 is divided by 6433.
392
Calculate the remainder when 351448 is divided by 716.
608
Calculate the remainder when 2634320 is divided by 21.
17
Calculate the remainder when 1057159 is divided by 88092.
55
Calculate the remainder when 54727 is divided by 54095.
632
What is the remainder when 2140643 is divided by 112664?
27
What is the remainder when 57613366 is divided by 2201?
2191
Calculate the remainder when 81987145 is divided by 791.
786
What is the remainder when 134753427 is divided by 1526?
1523
Calculate the remainder when 1498034 is divided by 99860.
134
What is the remainder when 22075575 is divided by 1458?
1455
What is the remainder when 79601534 is divided by 1091?
1083
What is the remainder when 74868765 is divided by 398238?
21
What is the remainder when 265992 is divided by 10833?
6000
What is the remainder when 3479962 is divided by 149?
67
What is the remainder when 338987 is divided by 294?
5
Calculate the remainder when 16023189 is divided by 52.
13
What is the remainder when 348431 is divided by 7254?
239
Calculate the remainder when 32682 is divided by 1142.
706
Calculate the remainder when 825161 is divided by 149.
148
Calculate the remainder when 8636921 is divided by 64.
57
What is the remainder when 64121 is divided by 64103?
18
Calculate the remainder when 42234012 is divided by 3.
0
Calculate the remainder when 365294 is divided by 1230.
1214
What is the remainder when 1428108239 is divided by 16?
15
Calculate the remainder when 444051 is divided by 3212.
795
What is the remainder when 276182 is divided by 2001?
44
Calculate the remainder when 720245 is divided by 549.
506
What is the remainder when 23259 is divided by 23143?
116
Calculate the remainder when 27608 is divided by 552.
8
Calculate the remainder when 7641516 is divided by 159198.
12
Calculate the remainder when 146631 is divided by 36626.
127
Calculate the remainder when 1433713 is divided by 1250.
1213
What is the remainder when 648126 is divided by 215446?
1788
What is the remainder when 175975 is divided by 1006?
931
What is the remainder when 8060789 is divided by 4030386?
17
What is the remainder when 3988199 is divided by 2550?
2549
Calculate the remainder when 152170 is divided by 387.
79
Calculate the remainder when 229523 is divided by 5758.
4961
What is the remainder when 18831618 is divided by 9875?
9868
Calculate the remainder when 172386 is divided by 172077.
309
What is the remainder when 279566 is divided by 1876?
42
What is the remainder when 3927184 is divided by 462?
184
What is the remainder when 441124729 is divided by 62?
61
Calculate the remainder when 4176929 is divided by 2088461.
7
Calculate the remainder when 6806511 is divided by 35.
26
What is the remainder when 1016810 is divided by 21174?
458
Calculate the remainder when 4667 is divided by 2218.
231
Calculate the remainder when 18711261 is divided by 176.
173
What is the remainder when 7149378 is divided by 14?
12
Calculate the remainder when 103003865 is divided by 540.
485
Calculate the remainder when 3065490 is divided by 128.
18
Calculate the remainder when 6741950 is divided by 2247303.
41
What is the remainder when 22504277 is divided by 1498?
1321
Calculate the remainder when 89160 is divided by 698.
514
What is the remainder when 213713 is divided by 4283?
3846
What is the remainder when 51202053 is divided by 3401?
3399
What is the remainder when 2808812 is divided by 1239?
1238
Calculate the remainder when 18265615 is divided by 48.
31
What is the remainder when 43722443 is divided by 14574144?
11
What is the remainder when 5381545 is divided by 12093?
160
Calculate the remainder when 16286115 is divided by 7165.
70
Calculate the remainder when 67682726 is divided by 381.
362
Calculate the remainder when 25871624 is divided by 1525.
1524
What is the remainder when 22771 is divided by 1522?
1463
What is the remainder when 5980213 is divided by 32?
21
Calculate the remainder when 22466 is divided by 5177.
1758
Calculate the remainder when 2540295 is divided by 758.
237
Calculate the remainder when 7323666 is divided by 16836.
6
What is the remainder when 48407 is divided by 538?
525
What is the remainder when 2211116 is divided by 736293?
2237
Calculate the remainder when 87518 is divided by 5469.
14
What is the remainder when 30887 is divided by 29488?
1399
What is the remainder when 118922061 is divided by 32?
13
What is the remainder when 409746 is divided by 7142?
2652
What is the remainder when 815841 is divided by 882?
873
Calculate the remainder when 3028399 is divided by 510.
19
What is the remainder when 20141699 is divided by 14?
11
What is the remainder when 25550210 is divided by 8516733?
11
What is the remainder when 439767 is divided by 263?
31
Calculate the remainder when 68876 is divided by 11395.
506
Calculate the remainder when 471487 is divided by 94293.
22
What is the remainder when 10529909 is divided by 90?
89
Calculate the remainder when 205241 is divided by 5547.
2
What is the remainder when 152697 is divided by 54?
39
What is the remainder when 18041 is divided by 16170?
1871
Calculate the remainder when 1473866 is divided by 4.
2
What is the remainder when 2922121 is divided by 34?
25
Calculate the remainder when 70732 is divided by 23334.
730
What is the remainder when 138581 is divided by 68?
65
What is the remainder when 29370512 is divided by 36944?
32
Calculate the remainder when 12959 is divided by 3503.
2450
What is the remainder when 26309689 is divided by 10?
9
Calculate the remainder when 463414 is divided by 2847.
2200
Calculate the remainder when 7841391 is divided by 796.
791
Calculate the remainder when 69097268 is divided by 10.
8
What is the remainder when 599390 is divided by 599300?
90
Calculate the remainder when 5964935 is divided by 121.
119
Calculate the remainder when 890285 is divided by 2642.
2573
Calculate the remainder when 117670 is divided by 39222.
4
Calculate the remainder when 580105 is divided by 580034.
71
Calculate the remainder when 199973619 is divided by 1540.
1539
Calculate the remainder when 1277899 is divided by 212966.
103
What is the remainder when 8980075 is divided by 10503?
10
Calculate the remainder when 19076614 is divided by 534.
532
Calculate the remainder when 38028311 is divided by 3802830.
11
Calculate the remainder when 13202 is divided by 126.
98
What is the remainder when 832101 is divided by 381?
378
What is the remainder when 77548 is divided by 652?
612
What is the remainder when 50375225 is divided by 91?
82
Calculate the remainder when 1246672 is divided by 249334.
2
What is the remainder when 637428 is divided by 318712?
4
What is the remainder when 876849 is divided by 400?
49
Calculate the remainder when 1127049 is divided by 4638.
15
Calculate the remainder when 128569128 is divided by 25713822.
18
Calculate the remainder when 1146402 is divided by 4983.
312
Calculate the remainder when 1423642 is divided by 375.
142
What is the remainder when 198057 is divided by 389?
56
Calculate the remainder when 15045168 is divided by 3761291.
4
What is the remainder when 1252318 is divided by 7402?
1380
Calculate